{"id":47,"date":"2018-11-22T08:24:24","date_gmt":"2018-11-22T08:24:24","guid":{"rendered":"http:\/\/www.practica.tpmi.tuiasi.ro\/?page_id=47"},"modified":"2018-11-22T10:43:49","modified_gmt":"2018-11-22T10:43:49","slug":"rezultate","status":"publish","type":"page","link":"http:\/\/www.practica.tpmi.tuiasi.ro\/?page_id=47","title":{"rendered":"Rezultate"},"content":{"rendered":"<ul>\n<li>2 workshopuri \u00een Foc\u0219ani \u0219i Piatra Neam\u021b;<\/li>\n<li>15 acorduri de parteneriat; 220 conven\u021bii cadru de practic\u0103; 15 grupe de studen\u021bi pe centre de practic\u0103;<\/li>\n<li>2 campanii de informare a studen\u021bilor;<\/li>\n<li>1 platforma on-line;<\/li>\n<li>5 \u00eendrumare de practic\u0103 de anul II postate pe platforma on-line;<\/li>\n<li>5 \u00eendrumare de practic\u0103 de anul III postate pe platforma on-line;<\/li>\n<li>5 \u00eendrumare pentru elaborarea proiectului de licen\u021b\u0103 postate pe platforma on-line;<\/li>\n<li>5 caiete de practic\u0103 de anul II postate pe platforma on-line;<\/li>\n<li>5 caiete de practic\u0103 de anul III postate pe platforma on-line;<\/li>\n<li>1 metodologie de desf\u0103\u0219urare a concursurilor pentru to\u021bi anii de studii \u0219i toate rutele\/specializ\u0103rile;<\/li>\n<\/ul>\n","protected":false},"excerpt":{"rendered":"<p>2 workshopuri \u00een Foc\u0219ani \u0219i Piatra Neam\u021b; 15 acorduri de parteneriat; 220 conven\u021bii cadru de practic\u0103; 15 grupe de studen\u021bi pe centre de practic\u0103; 2 campanii de informare a studen\u021bilor; 1 platforma on-line; 5 \u00eendrumare de practic\u0103 de anul II postate pe platforma on-line; 5 \u00eendrumare de practic\u0103 de anul III postate pe platforma on-line; <a href=\"http:\/\/www.practica.tpmi.tuiasi.ro\/?page_id=47\" rel=\"nofollow\"><span class=\"sr-only\">Read more about Rezultate<\/span>[&hellip;]<\/a><\/p>\n","protected":false},"author":4,"featured_media":0,"parent":0,"menu_order":0,"comment_status":"closed","ping_status":"closed","template":"template-fullwidth.php","meta":[],"_links":{"self":[{"href":"http:\/\/www.practica.tpmi.tuiasi.ro\/index.php?rest_route=\/wp\/v2\/pages\/47"}],"collection":[{"href":"http:\/\/www.practica.tpmi.tuiasi.ro\/index.php?rest_route=\/wp\/v2\/pages"}],"about":[{"href":"http:\/\/www.practica.tpmi.tuiasi.ro\/index.php?rest_route=\/wp\/v2\/types\/page"}],"author":[{"embeddable":true,"href":"http:\/\/www.practica.tpmi.tuiasi.ro\/index.php?rest_route=\/wp\/v2\/users\/4"}],"replies":[{"embeddable":true,"href":"http:\/\/www.practica.tpmi.tuiasi.ro\/index.php?rest_route=%2Fwp%2Fv2%2Fcomments&post=47"}],"version-history":[{"count":2,"href":"http:\/\/www.practica.tpmi.tuiasi.ro\/index.php?rest_route=\/wp\/v2\/pages\/47\/revisions"}],"predecessor-version":[{"id":149,"href":"http:\/\/www.practica.tpmi.tuiasi.ro\/index.php?rest_route=\/wp\/v2\/pages\/47\/revisions\/149"}],"wp:attachment":[{"href":"http:\/\/www.practica.tpmi.tuiasi.ro\/index.php?rest_route=%2Fwp%2Fv2%2Fmedia&parent=47"}],"curies":[{"name":"wp","href":"https:\/\/api.w.org\/{rel}","templated":true}]}}