{"id":41,"date":"2018-11-22T08:24:14","date_gmt":"2018-11-22T08:24:14","guid":{"rendered":"http:\/\/www.practica.tpmi.tuiasi.ro\/?page_id=41"},"modified":"2018-11-22T10:43:41","modified_gmt":"2018-11-22T10:43:41","slug":"activiati","status":"publish","type":"page","link":"http:\/\/www.practica.tpmi.tuiasi.ro\/?page_id=41","title":{"rendered":"Activit\u0103\u021bi"},"content":{"rendered":"<p>A.1. Elaborarea parteneriatelor \u00eentre TUIa\u0219i \u015fi partenerii de practic\u0103<br \/>\nA.1.1. Organizarea a dou\u0103 workshop-uri \u00een cele dou\u0103 regiuni pentru stabilirea agen\u021bilor economici cu care se vor \u00eencheia acorduri de parteneriat<br \/>\nA.1.2. \u00cencheierea acordurilor de parteneriat \u0219i a conven\u021biilor de practic\u0103<\/p>\n<p>A.2. Organizarea \u0219i derularea programelor de \u00eenv\u0103\u021bare la locul de munc\u0103 (programe de instruire practic\u0103 \u0219i stagii de practic\u0103)<br \/>\nA.2.1. Realizarea de campanii de informare a studen\u021bilor cu privire la programele de instruire practic\u0103 \u0219i la stagiile de practic\u0103<br \/>\nA.2.2. Organizarea, derularea, monitorizarea \u0219i evaluarea programelor de instruire practic\u0103 \u00een interiorul facult\u0103\u021bii, \u00een parteneriat cu angajatori<br \/>\nA.2.3. Organizarea, derularea, monitorizarea \u0219i evaluarea stagiilor de practic\u0103<br \/>\nA.2.4. Transpunerea materialelor suport de practic\u0103 \u00een format e-learning<br \/>\nA.2.5. Transformarea caietelor de practic\u0103 \u00een fi\u0219iere pentru platforma on-line<\/p>\n<p>A.3. Organizarea concursurilor profesionale pe ani de studii\/rute profesionale<br \/>\nA.3.1. Elaborarea metodologiei de desf\u0103\u0219urare a concursurilor profesionale pe ani de studii\/rute profesionale \u0219i de acordare a premiilor<br \/>\nA.3.2. Derularea concursurilor profesionale pe ani de studii\/rute profesionale \u0219i acordarea premiilor<\/p>\n<p>A.4. Crearea unei re\u021bele de informare coordonat\u0103 pentru facilitarea practicii<br \/>\nA.4.1. Crearea \u0219i administrarea unei re\u021bele de informare coordonat\u0103, de la partenerii de practic\u0103 c\u0103tre TUIa\u0219i, precum \u0219i de la TUIa\u0219i c\u0103tre partenerii de practic\u0103, pentru a r\u0103spunde nevoilor actuale \u0219i viitoare ale pie\u021bei muncii la nivelul regiunilor Nord-Est \u0219i Sud-Est<br \/>\nA.4.2. Pilotarea de solu\u021bii inovative de facilitare a practicii, evaluare a competen\u021belor, inclusiv prin intermediul TIC<\/p>\n<p>A.5. Mangementul proiectului<\/p>\n","protected":false},"excerpt":{"rendered":"<p>A.1. Elaborarea parteneriatelor \u00eentre TUIa\u0219i \u015fi partenerii de practic\u0103 A.1.1. Organizarea a dou\u0103 workshop-uri \u00een cele dou\u0103 regiuni pentru stabilirea agen\u021bilor economici cu care se vor \u00eencheia acorduri de parteneriat A.1.2. \u00cencheierea acordurilor de parteneriat \u0219i a conven\u021biilor de practic\u0103 A.2. Organizarea \u0219i derularea programelor de \u00eenv\u0103\u021bare la locul de munc\u0103 (programe de instruire practic\u0103 <a href=\"http:\/\/www.practica.tpmi.tuiasi.ro\/?page_id=41\" rel=\"nofollow\"><span class=\"sr-only\">Read more about Activit\u0103\u021bi<\/span>[&hellip;]<\/a><\/p>\n","protected":false},"author":4,"featured_media":0,"parent":0,"menu_order":0,"comment_status":"closed","ping_status":"closed","template":"template-fullwidth.php","meta":[],"_links":{"self":[{"href":"http:\/\/www.practica.tpmi.tuiasi.ro\/index.php?rest_route=\/wp\/v2\/pages\/41"}],"collection":[{"href":"http:\/\/www.practica.tpmi.tuiasi.ro\/index.php?rest_route=\/wp\/v2\/pages"}],"about":[{"href":"http:\/\/www.practica.tpmi.tuiasi.ro\/index.php?rest_route=\/wp\/v2\/types\/page"}],"author":[{"embeddable":true,"href":"http:\/\/www.practica.tpmi.tuiasi.ro\/index.php?rest_route=\/wp\/v2\/users\/4"}],"replies":[{"embeddable":true,"href":"http:\/\/www.practica.tpmi.tuiasi.ro\/index.php?rest_route=%2Fwp%2Fv2%2Fcomments&post=41"}],"version-history":[{"count":3,"href":"http:\/\/www.practica.tpmi.tuiasi.ro\/index.php?rest_route=\/wp\/v2\/pages\/41\/revisions"}],"predecessor-version":[{"id":147,"href":"http:\/\/www.practica.tpmi.tuiasi.ro\/index.php?rest_route=\/wp\/v2\/pages\/41\/revisions\/147"}],"wp:attachment":[{"href":"http:\/\/www.practica.tpmi.tuiasi.ro\/index.php?rest_route=%2Fwp%2Fv2%2Fmedia&parent=41"}],"curies":[{"name":"wp","href":"https:\/\/api.w.org\/{rel}","templated":true}]}}